the units digit of m?
8
Suppose -5*z = 2*d - 212, d - 82 = -2*z + 3*d. What is the tens digit of z?
4
Suppose 9*a = a + 640. What is the units digit of a?
0
Suppose -y - 21 = y + d, 5*d + 33 = -y. Let q = 22 - 17. What is the tens digit of (-1 - q)*(-10 - y)?
1
Let k = -67 + 28. Let l = -26 - k. What is the units digit of l?
3
Let r = 30 - -9. What is the units digit of r?
9
Let f = 5 - 3. Suppose r + 0*r - f = -3*q, 0 = 5*q + 2*r - 2. What is the units digit of q?
2
Suppose u = 5*u - 128. Suppose 0 = -3*v + u - 2. Suppose -v = 2*f - 30. What is the tens digit of f?
1
Suppose -3*c + 22 = -5*a, c - 22 = -a - a. What is the tens digit of c?
1
Suppose -3*a - 9 = m, -4*m + 2*a - 6*a = 44. Let c = -2 - m. What is the units digit of c?
0
Let s = -25 - -29. Suppose -3*i + s*z + 89 = 3*z, -z = 5. What is the tens digit of i?
2
Let j(t) be the first derivative of t**3/6 + 10*t**2 + 4*t + 1. Let z(x) be the first derivative of j(x). What is the tens digit of z(0)?
2
What is the units digit of 3 + (0 - 1) + 5?
7
Let d = -2 - -2. Let h be (1 + (-1 - d))*-1. What is the tens digit of (h + (-45)/(-3))*1?
1
Let k be 258/9 + 2/6. Let z = 46 - k. What is the tens digit of z?
1
Let o = 6 + -3. Suppose 0 = 4*r - c - 10, -2 - 1 = -o*r + 3*c. What is the units digit of r?
3
Let w(k) = -3*k + 14. Let j(q) be the third derivative of q**4/8 - 13*q**3/6 + 2*q**2. Let a(d) = 7*j(d) + 6*w(d). What is the units digit of a(6)?
1
Let y = 157 - 78. What is the units digit of y?
9
Let l(w) = -1. Let j(s) = -3*s + 9. Let d(k) = j(k) + 6*l(k). Let f be d(2). What is the units digit of f/(0 - (-9)/(-6))?
2
Let q = -52 - -128. What is the units digit of q?
6
Let w(m) = -17*m + 42. What is the tens digit of w(-15)?
9
Let x(n) = n**3 - 3*n**2 - 5*n + 1. What is the units digit of x(5)?
6
Let r = 60 + -123. What is the tens digit of 8/6*r/(-6)?
1
Suppose 5*u = 6*u - 9. Let k(d) = d - 8. What is the units digit of k(u)?
1
Let a(d) = d**2 + 2*d + 7. Let l be a(-8). Let y = 103 - l. What is the units digit of y?
8
Suppose -11 + 104 = 3*n. Suppose 0 = -g - 2*p + n, p + 62 = 3*g - g. Let r = g + -18. What is the tens digit of r?
1
Suppose -3*u + 216 = u. Suppose 4*k = -3*g + u, -4*k + k = -4*g - 53. What is the tens digit of k?
1
Let o be (145/15)/((-4)/12). Let z be -1*(-41)/2*-2. Let n = o - z. What is the tens digit of n?
1
What is the tens digit of -1*((-3 - 36) + 2)?
3
Suppose 0 = -q - 3*q + 216. What is the units digit of q?
4
Let a(n) = 2*n + 2. Let y be a(-5). Let b = 5 + y. Let w = b - -6. What is the units digit of w?
3
Suppose -8*j + 6*j = 82. Let u = 70 + j. What is the units digit of u?
9
Let h be (1 - -1) + 25 + -7. Suppose h = -2*b - u, 4*b + 4*u - 50 = 9*b. What is the units digit of -3 + 5 - (b - 0)?
2
Let p(o) = 7*o**2 - o. What is the units digit of p(2)?
6
Suppose -3*d + 41 = -22. Let f = d - 5. What is the tens digit of f?
1
Suppose 2*a + 4*m + 5 = -1, 0 = m + 5. Let l = a - 17. What is the units digit of (-2)/(-10) - 28/l?
3
Let i(a) be the first derivative of 3*a**2/2 - 5*a - 3. What is the units digit of i(4)?
7
Let f(i) = -i**2 - i + 2. Let y be f(0). Suppose 0 = -2*l + k + 7, 0*l = y*l + 4*k + 8. Suppose 0 = -s + l. What is the units digit of s?
2
Let n(a) = -a**3 - 4*a**2 + 2. Let l be n(-4). Suppose -4*g + 30 = 2*x, -25 = -2*x - l*g - g. Suppose x*m - 47 + 12 = 0. What is the units digit of m?
7
Let l(q) = -q**2 - 5*q - 1. Let o be l(-4). Suppose -2*x + o*x = 25. Let j = x + -18. What is the units digit of j?
7
Let t be (-1)/(0 - (-3)/6). Let w be (-3)/(-15)*t*-10. Suppose w*v = 18 + 30. What is the tens digit of v?
1
What is the tens digit of 214 - ((-21)/6 - -4)*-4?
1
Let a(n) = 5*n**2. Let y = -1 + 0. What is the units digit of a(y)?
5
What is the tens digit of (-3432)/(-30) - (8/10)/2?
1
Let q = -3 - -21. What is the units digit of q?
8
Let s be (-2)/8 + (-33)/12. Suppose -2*k = -5*l - 30, 3*k + 4*l + 0*l + 1 = 0. Let i = s + k. What is the units digit of i?
2
Suppose -2*k + 434 = -2*q, -4*k + 731 = 4*q - 129. What is the tens digit of k?
1
Let h(t) = t**2. Let a be h(-5). Let b be 2/4 - 35/(-2). Let r = a - b. What is the units digit of r?
7
Let y = -6 + 9. Suppose -c + 52 = y*b, -5*c + 22 = -0*b + b. What is the tens digit of b?
1
Let k be 28/(-5) - 4/10. Let g(m) = 4*m**2 + 0*m + 2*m**2 + m**3 - 2 - m + 0*m. What is the units digit of g(k)?
4
Suppose -6*c + 2*c - 41 = -g, 0 = 4*g - 5*c - 120. Let j(m) = -m - 30. Let v be j(-13). Let y = g + v. What is the units digit of y?
8
Suppose -93 - 18 = -3*s. What is the tens digit of s?
3
Let z be ((4 - 2) + -3)*0. Suppose g - 5*g - t + 83 = 0, -5*t - 25 = z. Suppose g - 6 = 2*o. What is the units digit of o?
8
Suppose -4*v = -3*k - 2*v + 7, 0 = -3*v - 15. Let j be (-9)/(-3) + -2 + k. Suppose 3*t + y - 43 = j, -y - 5 - 32 = -2*t. What is the tens digit of t?
1
Suppose -5*x - 2*v + 1009 = -6*v, 2*v + 197 = x. What is the units digit of x?
5
Let t = -13 - -29. What is the tens digit of t?
1
Let x = 4 - 2. Suppose x = o + 1. Suppose 4 - o = 3*b. What is the units digit of b?
1
Let y(w) = 2*w**2 - 13*w - 10. What is the tens digit of y(9)?
3
Let v(f) be the second derivative of f**5/120 + f**4/2 - f**3/3 + 2*f. Let i(l) be the second derivative of v(l). What is the units digit of i(-8)?
4
Suppose -2*d + 3*j = d - 27, -5*d + 2*j = -42. Suppose -12 = -4*n + 2*f + d, 0 = 3*n + f - 15. What is the units digit of n?
5
Let d(k) = 2 - k**2 + 2*k**2 + 5*k - 6. Let s be d(-4). Let o = 19 + s. What is the units digit of o?
1
Suppose 3*o - 4 = t, 36 = 2*t - t + 5*o. Suppose t = -2*w + h, -h = -w - 0*h - 7. Let a(s) = -s**3 - 3*s**2 + 4*s + 2. What is the units digit of a(w)?
2
Let n = -6 + 8. Suppose -5*y + 50 = -k, n*y = 5*y - 4*k - 30. Let h = y - 5. What is the units digit of h?
5
Let w = -5 + 10. Suppose n - 27 = -w. What is the units digit of n?
2
What is the tens digit of (-2 - 18)*33/(-12)?
5
Let g(c) = 2*c - 4. Let q be g(4). Let f(s) = -s**3 + q + s**2 + 4*s**2 - s**2 - s**2. What is the units digit of f(3)?
4
Suppose -191 = -2*h - 49. Suppose 2*z - 2*n = 15 + 13, -4*z - n + h = 0. What is the units digit of z?
7
Let k(t) = -4*t**2 + 5*t + 2. Let g(p) = -p**2. Let l(r) = 3*g(r) - k(r). Let b be l(8). Let d = b + -9. What is the tens digit of d?
1
Let c = 4 - 2. Suppose -4*x = t + 16, 7*x - 2*x - c*t = -33. What is the units digit of (-1)/x - 118/(-10)?
2
Let x be ((-14)/(-4))/(-7)*18. Let p be 10/45 + 137/x. What is the tens digit of 8*(p/(-4))/3?
1
Let r = 57 + -34. Let x = 11 + r. What is the tens digit of x?
3
Let j(y) = -6 - y + y - 5*y + 2*y. Suppose 6*o - 25 = o, -9 = -4*s - 5*o. What is the units digit of j(s)?
6
Let r(w) = w**3 - 6*w**2 + 5*w + 2. What is the tens digit of r(6)?
3
Let n = -302 - -435. What is the tens digit of ((-3)/1)/((-21)/n)?
1
Suppose -4 + 1 = 3*i. Let p(h) = h. Let c(f) = -5*f - 3. Let y(m) = i*c(m) - 4*p(m). What is the units digit of y(0)?
3
Let o = 6 + -16. What is the units digit of 2/(-1*2/o)?
0
Suppose -2*s - 35 = -173. What is the tens digit of s?
6
Let p be 3*(2 - 8/3). Let z(o) = 5*o**2 - o - 1. What is the units digit of z(p)?
1
Suppose l = -2*l + 105. What is the tens digit of l?
3
Suppose -b - 4*w - 2 = 0, 2*w = -2*b - w + 16. What is the units digit of (2 - b)/(2 - 4)?
6
Suppose -2*t + 2*k = -20, 3*t - k - 19 - 7 = 0. Let v be 1/4 + (-2)/t. Let c = 2 + v. What is the units digit of c?
2
Suppose -20*i + 250 = -15*i. What is the units digit of i?
0
Suppose 2 = -4*i - q + 54, 3*i + q - 40 = 0. What is the units digit of i - 6/(-9)*-3?
0
Suppose 0 = 15*g + 2*g - 2720. What is the units digit of g?
0
Suppose 25*c - 26*c + 275 = 0. What is the units digit of c?
5
Let i(g) = g**2 - 6*g + 5. Let j = 17 + -12. Let v be i(j). Suppose 5*c = -v*c + 5. What is the units digit of c?
1
Let z = -9 + 15. Suppose -5*j + z = -4. Suppose j*p - 7*p + f = -22, 0 = 5*p - 5*f - 10. What is the units digit of p?
5
Suppose 0 = -2*c - 3*h + 334, 4*h + 0*h = 5*c - 881. Let u = c + -123. What is the units digit of u?
0
Suppose 0*p = 3*p + 3. Let j(q) = -18*q**3 - q. What is the units digit of j(p)?
9
Let f = 1 + 2. Suppose f = -r - 1. Let t = 8 + r. What is the units digit of t?
4
Let m(x) = 3*x - 31. What is the tens digit of m(22)?
3
Let i(u) = u**2 + 72. What is the units digit of i(-9)?
3
Let 